{"id":4,"date":"2019-09-02T07:23:47","date_gmt":"2019-09-02T07:23:47","guid":{"rendered":"https:\/\/aptconsulting.md\/?p=4"},"modified":"2022-11-29T18:46:06","modified_gmt":"2022-11-29T18:46:06","slug":"company","status":"publish","type":"page","link":"https:\/\/aptconsulting.md\/?page_id=4","title":{"rendered":"Despre noi"},"content":{"rendered":"<h2>Pe scurt despre companie<\/h2>\n<div>\n<p>        <img decoding=\"async\" src=\"\/wp-content\/uploads\/2022\/11\/01_r.jpg\" alt=\"\"><\/p>\n<div>Sergiu CHIRNI\u021aCHI<\/div>\n<p><a href=\"\/index.php?page_id=24\"><\/a><\/p>\n<\/div>\n<div>\n<p>APT CONSULTING GROUP ofer\u0103 servicii de consultan\u021b\u0103 \u00een domeniul achizi\u021biilor publice.<\/p>\n<p>Am ap\u0103rut pe pia\u021b\u0103 recent, cu scopul de a oferi suport \u00eentreprinderilor publice \u0219i private, antreprenorilor \u0219i persoanelor care nu de\u021bin resursele necesare, \u00eens\u0103 inten\u021bioneaz\u0103 s\u0103 efectueze procedurile de achizi\u021bie \u00een conformitate cu legea \u0219i cu cele mai \u00eenalte rigori.<\/p>\n<p>Speciali\u0219tii no\u0219tri de\u021bin o experien\u021b\u0103 uria\u0219\u0103 \u00een domeniu \u0219i v\u0103 pot sus\u021bine at\u00e2t \u00een efectuarea tuturor documentelor necesare, c\u00e2t \u0219i ghida pe parcursul derul\u0103rii procedurii de aplicare.<\/p>\n<p>Ne-am c\u0103p\u0103tat expertiza de-a lungul anilor de experien\u021b\u0103 acumula\u021bi, \u00een cadrul a diverse institu\u021bii \u0219i \u00eentreprinderi publice \u0219i private. Cunoa\u0219tem toate subtilit\u0103\u021bile proceselor \u0219i procedurilor din domeniul achizi\u021biilor si suntem gata s\u0103 v\u0103 oferim tot sprijinul necesar, pentru a economisi timp \u0219i resurse, ce \u021bine de urm\u0103toarele etape:<\/p>\n<ul>\n<li style=\"list-style-type: none;\">\n<ul>\n<li>Efectuarea pachetului de documente cu privire la cerin\u021bele tehnice ale achizi\u021biilor.<\/li>\n<li>Efectuarea pachetului de documente ce con\u021bine certific\u0103rile relevante pentru achizi\u021bia dumneavoastr\u0103.<\/li>\n<li>Efectuarea \u0219i legalizarea tuturor certific\u0103rilor necesare cu privire la condi\u021biile achizi\u021biei (ex: volum, calitate, alte cerin\u021be).<\/li>\n<li>Preg\u0103tirea pachetului de documente cu privire la respectarea proceselor de transparen\u021b\u0103 \u0219i anti-corup\u021bie.<\/li>\n<li>Analiza legisla\u021biei si actelor normative relevante pentru obiectivele dumneavoastr\u0103 de achizi\u021bie.<\/li>\n<li>Clarificarea a orice neclarit\u0103\u021bi, care apar pe parcursul procesului de efectuarea achizi\u021biei.<\/li>\n<\/ul>\n<\/li>\n<\/ul>\n<p>Garant\u0103m suport de consultan\u021b\u0103 p\u00e2n\u0103 \u00een momentul \u00eencheierii contractului, iar \u00een func\u021bie de necesitate:<\/p>\n<ul>\n<li style=\"list-style-type: none;\">\n<ul>\n<li>Oferim suport \u00een contestarea deciziilor primite de c\u0103tre organele de drept.<\/li>\n<li>Oferim suport \u00een asigurarea calit\u0103\u021bii achizi\u021biei astfel \u00eenc\u00e2t aceasta s\u0103 corespund\u0103 obiectivelor setate.<\/li>\n<li>Oferim suport strategic \u00een planificarea achizi\u021biilor \u00een vederea eficientiz\u0103rii timpului \u0219i bugetului dumneavoastr\u0103<\/li>\n<\/ul>\n<\/li>\n<\/ul>\n<\/div>\n<h2>Exper\u021bi principali\u00a0<\/p>\n<div>APT CONSULTING GROUP<\/div>\n<\/h2>\n<ul>\n<li>\n<p>        <img decoding=\"async\" src=\"\/wp-content\/uploads\/2022\/11\/Irina_Galitan-prez.jpg\" alt=\"\"><\/p>\n<h3>Irina GALI\u021aAN<\/h3>\n<p>Viceadministrator. Expert APT CONSULTING GROUP \u00een contabilitate<\/p>\n<p><a href=\"\/index.php?page_id=1536\"><\/a><\/p>\n<\/li>\n<li>\n<p>        <img decoding=\"async\" src=\"\/wp-content\/uploads\/2022\/11\/01_r.jpg\" alt=\"\"><\/p>\n<h3>Sergiu CHIRNI\u021aCHI<\/h3>\n<p>Administrator APT CONSULTING GROUP<\/p>\n<p><a href=\"\/index.php?page_id=24\"><\/a><\/p>\n<\/li>\n<li>\n<p>        <img decoding=\"async\" src=\"\/wp-content\/uploads\/2022\/11\/Nina-Colodrotchi.jpg\" alt=\"\"><\/p>\n<h3>Nina COLODRO\u021aCHI<\/h3>\n<p>Expert APT CONSULTING GROUP, \u00een achizi\u021bii publice<\/p>\n<p><a href=\"\/index.php?page_id=1538\"><\/a><\/p>\n<\/li>\n<\/ul>\n<h2>Cum func\u021bioneaz\u0103 totul<\/h2>\n<div>\n<\/p>\n<\/div>\n<p><img decoding=\"async\" src=\"\/wp-content\/uploads\/2022\/11\/Agenda-One.jpg\" alt=\"\"><\/p>\n<h2><span>Scopul nostru principal este victoria <\/span><span>clientului<\/span><\/h2>\n<div>\n<p>Scopul nostru este s\u0103 asigur\u0103m suport profesionist pentru clien\u021bii no\u0219tri \u0219i a face tot posibilul ca ace\u0219tia s\u0103-\u0219i ating\u0103 obiectivele. Prin urmare, nu ne invit\u0103m clien\u021bii s\u0103 participe la un num\u0103r maxim de licita\u021bii. Din contra, le suger\u0103m s\u0103-\u0219i utilizeze resursele eficient, prin a se concentra pe oportunit\u0103\u021bile cu adev\u0103rat relevante, importante \u0219i necesare pentru ei.<\/p>\n<p>Ca s\u0103 economisim din timpul dumneavoastr\u0103, \u00eentocmim o list\u0103 de oferte existente, ajustate la necesit\u0103\u021bile dumneavoastr\u0103 \u0219i v\u0103 inform\u0103m, imediat ce apart oportunit\u0103\u021bi la care se merit\u0103 s\u0103 atrage\u021bi aten\u021bia. Astfel, nu doar prelu\u0103m rutina monitoriz\u0103rii \u00een func\u021bie de parametrii specifica\u021bi, dar ne \u0219i asigur\u0103m c\u0103 organiza\u021bia sau compania dumneavoastr\u0103 de\u021bine tot necesarul de informa\u021bie pentru a profita de cele mai bune oportunit\u0103\u021bi a pie\u021bei din domeniul achizi\u021biilor.\u00a0<\/p>\n<p>Dup\u0103 necesitate, v\u0103 consiliem c\u0103ror oferte s\u0103 le acorda\u021bi aten\u021bie \u00een baza unei selec\u021bii \u0219i analize aprofundate a ofertelor, reie\u0219ind din termenii de referin\u021b\u0103, pe care ni-i comunica\u021bi.<\/p>\n<p>Decizia de a participa sau nu la licita\u021bie \u00eei apar\u021bine clientului. Dac\u0103 oferta selectat\u0103 este complex\u0103, avertiz\u0103m clientul oferindu-i o apreciere sobr\u0103 a \u0219anselor de victorie. Ce are loc \u00een continuare r\u0103m\u00e2ne la discre\u021bia clientului.\u00a0<\/p>\n<p>C\u00e2nd primim o comand\u0103, acesteia imediat i se atribuie un manager care \u00eenso\u021be\u0219te clientul pe tot parcursul \u00eens\u0103rcin\u0103rii. Managerul va avea grij\u0103 ca toate actele s\u0103 fie executate \u00een timp, s\u0103 corespund\u0103 celor mai \u00eenalte standarde \u0219i v\u0103 asista \u00een clarificarea oric\u0103ror neclarit\u0103\u021bi.\u00a0<\/p>\n<p>Uneori le suger\u0103m clien\u021bilor un pachet de instruire astfel \u00eenc\u00e2t ace\u0219tia s\u0103 navigheze cu u\u0219urin\u021b\u0103 procedurile privitoare la achizi\u021bii, pe cont propriu. APT Consulting ofer\u0103 traininguri flexibile si ajustate la necesit\u0103\u021bile clientului.\u00a0 Alteori, le suger\u0103m clien\u021bilor un serviciu de durat\u0103 prin care acestia pot beneficia de suportul APT Consulting pe parcursul undei durate mai lungi, astfel inc\u00e2t APT Consulting preia responsabilit\u0103\u021bile clientului legate de domeniul achizi\u021biilor.\u00a0<\/p>\n<p>Odat\u0103 ce \u00eentocmim necesit\u0103\u021bile dumneavoastr\u0103, v\u0103 trimitem o propunere formal\u0103, care explic\u0103 \u00een detaliu cerin\u021bele \u0219i costul proiectului dumneavoastr\u0103 de achizi\u021bii. Odat\u0103 ce \u00een\u021belegerea este \u00eentocmit\u0103 speciali\u0219tii no\u0219tri vor ini\u021bia procesul de efectuare a proiectului. APT Consulting asigur\u0103 transparen\u021b\u0103 maxim\u0103 clien\u021bilor s\u0103i, pe parcursul efectu\u0103rii proiectului.\u00a0\u00a0<\/p>\n<\/div>\n<div>\n<h1>Suport profesional \u00een domeniul achizi\u021biilor publice si contabilit\u0103\u021bii<\/h1>\n<\/div>\n<div>\n<p><a href=\"#\">\u041f\u043e\u0434\u043f\u0438\u0441\u043a\u0430<\/a><\/p>\n<\/div>\n<div>\n<p>MD-2009, mun. Chi\u0219in\u0103u, str. Vasile Alecsandri 1, bir. 204<\/p>\n<p>Tel: + 373 60005527<br \/>Tel: + 373 60005536<br \/>E-mail: aptconsgroup@gmail.com<\/p>\n<\/div>\n<p><!--more--><br \/>\n<!-- {\"name\":\"About\",\"type\":\"layout\",\"children\":[{\"name\":\"Hero\",\"type\":\"section\",\"props\":{\"style\":\"default\",\"width\":\"expand\",\"vertical_align\":\"middle\",\"title_position\":\"top-left\",\"title_rotation\":\"left\",\"title_breakpoint\":\"xl\",\"image_position\":\"center-center\",\"padding\":\"xlarge\",\"image\":\"wp-content\\\/uploads\\\/yootheme\\\/company-hero.jpg\",\"title\":\"\",\"image_effect\":\"parallax\",\"image_size\":\"cover\",\"animation\":\"fade\",\"animation_delay\":\"200\",\"image_parallax_breakpoint\":\"l\",\"image_width\":\"1560\",\"image_parallax_bgy\":\"0,110\",\"image_loading\":true,\"image_parallax_easing\":\"1\"},\"children\":[{\"name\":\"\",\"type\":\"row\",\"props\":{\"margin\":\"large\",\"match\":false,\"column_gap\":\"small\",\"row_gap\":\"small\"},\"children\":[{\"name\":\"\",\"type\":\"column\",\"props\":{\"image_position\":\"center-center\",\"image\":\"\",\"media_overlay_gradient\":\"\",\"width_medium\":\"1-1\",\"position_sticky_breakpoint\":\"m\"},\"children\":[]}]}]},{\"name\":\"About\",\"type\":\"section\",\"props\":{\"width\":\"default\",\"padding\":\"large\",\"style\":\"default\",\"padding_remove_top\":false,\"image_size\":\"cover\",\"image_position\":\"center-center\",\"vertical_align\":\"middle\",\"title_position\":\"top-left\",\"title_rotation\":\"left\",\"title_breakpoint\":\"xl\",\"padding_remove_bottom\":false,\"animation_delay\":false},\"children\":[{\"name\":\"\",\"type\":\"row\",\"props\":{\"layout\":\"1-3,2-3\",\"width\":\"default\",\"margin\":\"xlarge\"},\"children\":[{\"name\":\"\",\"type\":\"column\",\"props\":{\"image_position\":\"center-center\",\"media_overlay_gradient\":\"\",\"width_medium\":\"1-3\",\"position_sticky_breakpoint\":\"m\"},\"children\":[{\"name\":\"\",\"type\":\"headline\",\"props\":{\"title_element\":\"h2\",\"title_decoration\":\"bullet\",\"content\":\"Pe scurt despre companie\",\"title_style\":\"h3\"}},{\"name\":\"\",\"type\":\"panel\",\"props\":{\"link_text\":\"\",\"title_element\":\"div\",\"meta_style\":\"text-meta\",\"meta_align\":\"below-title\",\"image_align\":\"left\",\"image_grid_width\":\"1-3\",\"link_style\":\"default\",\"margin\":\"medium\",\"image\":\"wp-content\\\/uploads\\\/2022\\\/11\\\/01_r.jpg\",\"title\":\"Sergiu CHIRNI\\u021aCHI\",\"meta\":\"\",\"image_vertical_align\":true,\"text_align\":\"left\",\"maxwidth\":\"medium\",\"meta_margin\":\"remove\",\"link\":\"index.php?page_id=24\",\"image_width\":\"90\",\"image_height\":\"110\",\"image_svg_color\":\"emphasis\",\"title_align\":\"top\",\"title_grid_width\":\"1-2\",\"title_hover_style\":\"reset\",\"title_grid_breakpoint\":\"m\",\"image_grid_column_gap\":\"medium\",\"image_grid_row_gap\":\"medium\",\"image_grid_breakpoint\":\"\",\"title_link\":true,\"image_link\":true,\"icon_width\":80,\"meta_element\":\"div\",\"content_column_breakpoint\":\"m\",\"title_style\":\"h5\",\"image_loading\":true}}]},{\"name\":\"\",\"type\":\"column\",\"props\":{\"image_position\":\"center-center\",\"media_overlay_gradient\":\"\",\"width_medium\":\"2-3\",\"position_sticky_breakpoint\":\"m\"},\"children\":[{\"name\":\"\",\"type\":\"text\",\"props\":{\"column_breakpoint\":\"m\",\"margin\":\"default\",\"content\":\"\n\n<p>APT CONSULTING GROUP ofer\\u0103 servicii de consultan\\u021b\\u0103 \\u00een domeniul achizi\\u021biilor publice.<\\\/p>\\n\n\n<p><br \\\/>Am ap\\u0103rut pe pia\\u021b\\u0103 recent, cu scopul de a oferi suport \\u00eentreprinderilor publice \\u0219i private, antreprenorilor \\u0219i persoanelor care nu de\\u021bin resursele necesare, \\u00eens\\u0103 inten\\u021bioneaz\\u0103 s\\u0103 efectueze procedurile de achizi\\u021bie \\u00een conformitate cu legea \\u0219i cu cele mai \\u00eenalte rigori.<\\\/p>\\n\n\n<p>Speciali\\u0219tii no\\u0219tri de\\u021bin o experien\\u021b\\u0103 uria\\u0219\\u0103 \\u00een domeniu \\u0219i v\\u0103 pot sus\\u021bine at\\u00e2t \\u00een efectuarea tuturor documentelor necesare, c\\u00e2t \\u0219i ghida pe parcursul derul\\u0103rii procedurii de aplicare.<\\\/p>\\n\n\n<p>Ne-am c\\u0103p\\u0103tat expertiza de-a lungul anilor de experien\\u021b\\u0103 acumula\\u021bi, \\u00een cadrul a diverse institu\\u021bii \\u0219i \\u00eentreprinderi publice \\u0219i private. Cunoa\\u0219tem toate subtilit\\u0103\\u021bile proceselor \\u0219i procedurilor din domeniul achizi\\u021biilor si suntem gata s\\u0103 v\\u0103 oferim tot sprijinul necesar, pentru a economisi timp \\u0219i resurse, ce \\u021bine de urm\\u0103toarele etape:<\\\/p>\\n\n\n<ul>\\n\n\n<li style=\\\"list-style-type: none;\\\">\\n\n\n<ul>\\n\n\n<li>Efectuarea pachetului de documente cu privire la cerin\\u021bele tehnice ale achizi\\u021biilor.<\\\/li>\\n\n\n<li>Efectuarea pachetului de documente ce con\\u021bine certific\\u0103rile relevante pentru achizi\\u021bia dumneavoastr\\u0103.<\\\/li>\\n\n\n<li>Efectuarea \\u0219i legalizarea tuturor certific\\u0103rilor necesare cu privire la condi\\u021biile achizi\\u021biei (ex: volum, calitate, alte cerin\\u021be).<\\\/li>\\n\n\n<li>Preg\\u0103tirea pachetului de documente cu privire la respectarea proceselor de transparen\\u021b\\u0103 \\u0219i anti-corup\\u021bie.<\\\/li>\\n\n\n<li>Analiza legisla\\u021biei si actelor normative relevante pentru obiectivele dumneavoastr\\u0103 de achizi\\u021bie.<\\\/li>\\n\n\n<li>Clarificarea a orice neclarit\\u0103\\u021bi, care apar pe parcursul procesului de efectuarea achizi\\u021biei.<\\\/li>\\n<\\\/ul>\\n<\\\/li>\\n<\\\/ul>\\n\n\n<p>Garant\\u0103m suport de consultan\\u021b\\u0103 p\\u00e2n\\u0103 \\u00een momentul \\u00eencheierii contractului, iar \\u00een func\\u021bie de necesitate:<\\\/p>\\n\n\n<ul>\\n\n\n<li style=\\\"list-style-type: none;\\\">\\n\n\n<ul>\\n\n\n<li>Oferim suport \\u00een contestarea deciziilor primite de c\\u0103tre organele de drept.<\\\/li>\\n\n\n<li>Oferim suport \\u00een asigurarea calit\\u0103\\u021bii achizi\\u021biei astfel \\u00eenc\\u00e2t aceasta s\\u0103 corespund\\u0103 obiectivelor setate.<\\\/li>\\n\n\n<li>Oferim suport strategic \\u00een planificarea achizi\\u021biilor \\u00een vederea eficientiz\\u0103rii timpului \\u0219i bugetului dumneavoastr\\u0103<\\\/li>\\n<\\\/ul>\\n<\\\/li>\\n<\\\/ul>\",\"dropcap\":false}}]}]},{\"name\":\"\",\"type\":\"row\",\"props\":{\"layout\":\"1-3,2-3\",\"margin\":\"xlarge\",\"id\":\"company-heads\"},\"children\":[{\"name\":\"\",\"type\":\"column\",\"props\":{\"image_position\":\"center-center\",\"media_overlay_gradient\":\"\",\"width_medium\":\"1-3\",\"position_sticky_breakpoint\":\"m\"},\"children\":[{\"name\":\"\",\"type\":\"headline\",\"props\":{\"title_element\":\"h2\",\"title_decoration\":\"bullet\",\"content\":\"Exper\\u021bi principali\\u00a0\\n\n\n<div>APT CONSULTING GROUP<\\\/div>\",\"maxwidth\":\"medium\",\"title_style\":\"h3\"}}]},{\"name\":\"\",\"type\":\"column\",\"props\":{\"image_position\":\"center-center\",\"media_overlay_gradient\":\"\",\"width_medium\":\"2-3\",\"position_sticky_breakpoint\":\"m\"},\"children\":[{\"name\":\"\",\"type\":\"grid\",\"props\":{\"show_title\":true,\"show_meta\":false,\"show_content\":true,\"show_image\":true,\"show_link\":true,\"grid_default\":\"2\",\"grid_medium\":\"\",\"title_element\":\"h3\",\"meta_style\":\"\",\"meta_align\":\"below-title\",\"image_align\":\"top\",\"image_grid_width\":\"1-2\",\"link_text\":\"\",\"link_style\":\"default\",\"margin\":\"default\",\"title_style\":\"h6\",\"meta_margin\":\"remove\",\"image_width\":\"300\",\"grid_small\":\"3\",\"meta_color\":\"muted\",\"filter_style\":\"tab\",\"filter_all\":true,\"filter_position\":\"top\",\"filter_align\":\"left\",\"filter_grid_width\":\"auto\",\"image_svg_color\":\"emphasis\",\"item_animation\":true,\"title_align\":\"top\",\"title_grid_width\":\"1-2\",\"title_hover_style\":\"reset\",\"grid_column_gap\":\"medium\",\"grid_row_gap\":\"medium\",\"grid_divider\":false,\"filter_grid_breakpoint\":\"m\",\"title_grid_breakpoint\":\"m\",\"image_grid_breakpoint\":\"m\",\"title_link\":true,\"image_link\":true,\"icon_width\":80,\"meta_element\":\"div\",\"content_column_breakpoint\":\"m\",\"parallax_easing\":\"1\"},\"children\":[{\"name\":\"\",\"type\":\"grid_item\",\"props\":{\"title\":\"Irina GALI\\u021aAN\",\"meta\":\"Viceadministrator. Expert APT CONSULTING GROUP \\u00een contabilitate\",\"image\":\"wp-content\\\/uploads\\\/2022\\\/11\\\/Irina_Galitan-prez.jpg\",\"link\":\"index.php?page_id=1536\"}},{\"name\":\"\",\"type\":\"grid_item\",\"props\":{\"title\":\"Sergiu CHIRNI\\u021aCHI\",\"meta\":\"Administrator APT CONSULTING GROUP\",\"image\":\"wp-content\\\/uploads\\\/2022\\\/11\\\/01_r.jpg\",\"link\":\"index.php?page_id=24\"}},{\"name\":\"\",\"type\":\"grid_item\",\"props\":{\"title\":\"Nina COLODRO\\u021aCHI\",\"meta\":\"Expert APT CONSULTING GROUP, \\u00een achizi\\u021bii publice\",\"image\":\"wp-content\\\/uploads\\\/2022\\\/11\\\/Nina-Colodrotchi.jpg\",\"link\":\"index.php?page_id=1538\"}}]}]}]},{\"name\":\"\",\"type\":\"row\",\"props\":{\"layout\":\"1-3,2-3\",\"width\":\"expand\",\"margin\":\"small\",\"vertical_align\":false,\"match\":false},\"children\":[{\"name\":\"\",\"type\":\"column\",\"props\":{\"image_position\":\"center-center\",\"media_overlay_gradient\":\"\",\"width_medium\":\"1-3\",\"position_sticky_breakpoint\":\"m\"},\"children\":[{\"name\":\"\",\"type\":\"headline\",\"props\":{\"title_element\":\"h2\",\"title_decoration\":\"bullet\",\"content\":\"Cum func\\u021bioneaz\\u0103 totul\",\"title_style\":\"h3\"}}]},{\"name\":\"\",\"type\":\"column\",\"props\":{\"image_position\":\"center-center\",\"media_overlay_gradient\":\"\",\"width_medium\":\"2-3\",\"position_sticky_breakpoint\":\"m\"},\"children\":[{\"name\":\"\",\"type\":\"text\",\"props\":{\"margin\":\"default\",\"column_breakpoint\":\"m\",\"content\":\"\n\n<p><\\\/p>\\n\n\n<p><\\\/p>\"}},{\"type\":\"image\",\"props\":{\"margin\":\"default\",\"image_svg_color\":\"emphasis\",\"image\":\"wp-content\\\/uploads\\\/2022\\\/11\\\/Agenda-One.jpg\"}}]}]},{\"name\":\"\",\"type\":\"row\",\"props\":{\"layout\":\"1-3,2-3\",\"width\":\"expand\",\"margin\":\"small\",\"vertical_align\":false,\"match\":false},\"children\":[{\"name\":\"\",\"type\":\"column\",\"props\":{\"image_position\":\"center-center\",\"media_overlay_gradient\":\"\",\"width_medium\":\"1-3\",\"position_sticky_breakpoint\":\"m\"},\"children\":[{\"name\":\"\",\"type\":\"headline\",\"props\":{\"title_element\":\"h2\",\"title_decoration\":\"bullet\",\"content\":\"<span>Scopul nostru principal este victoria <\\\/span><span>clientului<\\\/span>\",\"title_style\":\"h3\"}}]},{\"name\":\"\",\"type\":\"column\",\"props\":{\"image_position\":\"center-center\",\"media_overlay_gradient\":\"\",\"width_medium\":\"2-3\",\"position_sticky_breakpoint\":\"m\"},\"children\":[{\"name\":\"\",\"type\":\"text\",\"props\":{\"margin\":\"default\",\"column_breakpoint\":\"m\",\"content\":\"\n\n<p>Scopul nostru este s\\u0103 asigur\\u0103m suport profesionist pentru clien\\u021bii no\\u0219tri \\u0219i a face tot posibilul ca ace\\u0219tia s\\u0103-\\u0219i ating\\u0103 obiectivele. Prin urmare, nu ne invit\\u0103m clien\\u021bii s\\u0103 participe la un num\\u0103r maxim de licita\\u021bii. Din contra, le suger\\u0103m s\\u0103-\\u0219i utilizeze resursele eficient, prin a se concentra pe oportunit\\u0103\\u021bile cu adev\\u0103rat relevante, importante \\u0219i necesare pentru ei.<\\\/p>\\n\n\n<p>Ca s\\u0103 economisim din timpul dumneavoastr\\u0103, \\u00eentocmim o list\\u0103 de oferte existente, ajustate la necesit\\u0103\\u021bile dumneavoastr\\u0103 \\u0219i v\\u0103 inform\\u0103m, imediat ce apart oportunit\\u0103\\u021bi la care se merit\\u0103 s\\u0103 atrage\\u021bi aten\\u021bia. Astfel, nu doar prelu\\u0103m rutina monitoriz\\u0103rii \\u00een func\\u021bie de parametrii specifica\\u021bi, dar ne \\u0219i asigur\\u0103m c\\u0103 organiza\\u021bia sau compania dumneavoastr\\u0103 de\\u021bine tot necesarul de informa\\u021bie pentru a profita de cele mai bune oportunit\\u0103\\u021bi a pie\\u021bei din domeniul achizi\\u021biilor.\\u00a0<\\\/p>\\n\n\n<p>Dup\\u0103 necesitate, v\\u0103 consiliem c\\u0103ror oferte s\\u0103 le acorda\\u021bi aten\\u021bie \\u00een baza unei selec\\u021bii \\u0219i analize aprofundate a ofertelor, reie\\u0219ind din termenii de referin\\u021b\\u0103, pe care ni-i comunica\\u021bi.<\\\/p>\\n\n\n<p>Decizia de a participa sau nu la licita\\u021bie \\u00eei apar\\u021bine clientului. Dac\\u0103 oferta selectat\\u0103 este complex\\u0103, avertiz\\u0103m clientul oferindu-i o apreciere sobr\\u0103 a \\u0219anselor de victorie. Ce are loc \\u00een continuare r\\u0103m\\u00e2ne la discre\\u021bia clientului.\\u00a0<\\\/p>\\n\n\n<p>C\\u00e2nd primim o comand\\u0103, acesteia imediat i se atribuie un manager care \\u00eenso\\u021be\\u0219te clientul pe tot parcursul \\u00eens\\u0103rcin\\u0103rii. Managerul va avea grij\\u0103 ca toate actele s\\u0103 fie executate \\u00een timp, s\\u0103 corespund\\u0103 celor mai \\u00eenalte standarde \\u0219i v\\u0103 asista \\u00een clarificarea oric\\u0103ror neclarit\\u0103\\u021bi.\\u00a0<\\\/p>\\n\n\n<p>Uneori le suger\\u0103m clien\\u021bilor un pachet de instruire astfel \\u00eenc\\u00e2t ace\\u0219tia s\\u0103 navigheze cu u\\u0219urin\\u021b\\u0103 procedurile privitoare la achizi\\u021bii, pe cont propriu. APT Consulting ofer\\u0103 traininguri flexibile si ajustate la necesit\\u0103\\u021bile clientului.\\u00a0 Alteori, le suger\\u0103m clien\\u021bilor un serviciu de durat\\u0103 prin care acestia pot beneficia de suportul APT Consulting pe parcursul undei durate mai lungi, astfel inc\\u00e2t APT Consulting preia responsabilit\\u0103\\u021bile clientului legate de domeniul achizi\\u021biilor.\\u00a0<\\\/p>\\n\n\n<p>Odat\\u0103 ce \\u00eentocmim necesit\\u0103\\u021bile dumneavoastr\\u0103, v\\u0103 trimitem o propunere formal\\u0103, care explic\\u0103 \\u00een detaliu cerin\\u021bele \\u0219i costul proiectului dumneavoastr\\u0103 de achizi\\u021bii. Odat\\u0103 ce \\u00een\\u021belegerea este \\u00eentocmit\\u0103 speciali\\u0219tii no\\u0219tri vor ini\\u021bia procesul de efectuare a proiectului. APT Consulting asigur\\u0103 transparen\\u021b\\u0103 maxim\\u0103 clien\\u021bilor s\\u0103i, pe parcursul efectu\\u0103rii proiectului.\\u00a0\\u00a0<\\\/p>\"}},{\"name\":\"\",\"type\":\"panel\",\"props\":{\"link_text\":\"Read more\",\"title_element\":\"h1\",\"meta_style\":\"text-meta\",\"meta_align\":\"below-title\",\"image_align\":\"top\",\"image_grid_width\":\"1-2\",\"link_style\":\"default\",\"margin\":\"default\",\"panel_style\":\"card-secondary\",\"title\":\"Suport profesional \\u00een domeniul achizi\\u021biilor publice si contabilit\\u0103\\u021bii\",\"maxwidth\":\"xlarge\",\"title_style\":\"h2\",\"image_svg_color\":\"emphasis\",\"title_align\":\"top\",\"title_grid_width\":\"1-2\",\"title_hover_style\":\"reset\",\"title_grid_breakpoint\":\"m\",\"image_grid_breakpoint\":\"m\",\"icon_width\":80,\"meta_element\":\"div\",\"content_column_breakpoint\":\"m\",\"panel_padding\":\"default\"}}]}]}]},{\"name\":\"Call to action\",\"type\":\"section\",\"props\":{\"style\":\"default\",\"width\":\"default\",\"vertical_align\":\"middle\",\"title_position\":\"top-left\",\"title_rotation\":\"left\",\"title_breakpoint\":\"xl\",\"image_position\":\"center-center\",\"padding\":\"large\",\"image\":\"wp-content\\\/uploads\\\/yootheme\\\/company-cta-bg.jpg\",\"media_background\":\"rgba(55, 82, 170, 0.9)\",\"media_blend_mode\":\"multiply\",\"media_overlay\":\"rgba(30, 54, 132, 0.89)\",\"text_color\":\"light\",\"image_width\":\"1560\",\"image_size\":\"cover\"},\"children\":[{\"name\":\"\",\"type\":\"row\",\"props\":{\"margin\":\"large\",\"match\":false,\"vertical_align\":false,\"column_gap\":\"small\",\"row_gap\":\"small\"},\"children\":[{\"name\":\"\",\"type\":\"column\",\"props\":{\"image_position\":\"center-center\",\"image\":\"\",\"media_overlay_gradient\":\"\",\"width_medium\":\"1-1\",\"position_sticky_breakpoint\":\"m\"},\"children\":[{\"name\":\"\",\"type\":\"panel\",\"props\":{\"link_text\":\"\\u041f\\u043e\\u0434\\u043f\\u0438\\u0441\\u043a\\u0430\",\"title_element\":\"h2\",\"meta_style\":\"text-meta\",\"meta_align\":\"below-title\",\"image_align\":\"top\",\"image_grid_width\":\"1-2\",\"link_style\":\"default\",\"margin\":\"xlarge\",\"title\":\"\",\"maxwidth\":\"large\",\"content\":\"\",\"link\":\"#\",\"text_align\":\"center\",\"margin_remove_bottom\":false,\"image_svg_color\":\"emphasis\",\"title_align\":\"top\",\"title_grid_width\":\"1-2\",\"block_align\":\"center\",\"title_hover_style\":\"reset\",\"title_grid_breakpoint\":\"m\",\"image_grid_breakpoint\":\"m\",\"icon_width\":80,\"meta_element\":\"div\",\"content_column_breakpoint\":\"m\",\"title_style\":\"h3\"}},{\"type\":\"text\",\"props\":{\"margin\":\"default\",\"column_breakpoint\":\"m\",\"content\":\"\n\n<p>MD-2009, mun. Chi\\u0219in\\u0103u, str. Vasile Alecsandri 1, bir. 204<\\\/p>\\n\n\n<p>Tel: + 373 60005527<br \\\/>Tel: + 373 60005536<br \\\/>E-mail: aptconsgroup@gmail.com<\\\/p>\"}}]}]}]}],\"version\":\"3.0.6\"} --><\/p>\n","protected":false},"excerpt":{"rendered":"<p>Pe scurt despre companie Sergiu CHIRNI\u021aCHI APT CONSULTING GROUP ofer\u0103 servicii de consultan\u021b\u0103 \u00een domeniul achizi\u021biilor publice. Am ap\u0103rut pe pia\u021b\u0103 recent, cu scopul de a oferi suport \u00eentreprinderilor publice \u0219i private, antreprenorilor \u0219i persoanelor care nu de\u021bin resursele necesare, \u00eens\u0103 inten\u021bioneaz\u0103 s\u0103 efectueze procedurile de achizi\u021bie \u00een conformitate cu legea \u0219i cu cele mai [&hellip;]<\/p>\n","protected":false},"author":1,"featured_media":0,"parent":0,"menu_order":10,"comment_status":"open","ping_status":"open","template":"","meta":{"footnotes":""},"class_list":["post-4","page","type-page","status-publish","hentry"],"acf":[],"_links":{"self":[{"href":"https:\/\/aptconsulting.md\/index.php?rest_route=\/wp\/v2\/pages\/4","targetHints":{"allow":["GET"]}}],"collection":[{"href":"https:\/\/aptconsulting.md\/index.php?rest_route=\/wp\/v2\/pages"}],"about":[{"href":"https:\/\/aptconsulting.md\/index.php?rest_route=\/wp\/v2\/types\/page"}],"author":[{"embeddable":true,"href":"https:\/\/aptconsulting.md\/index.php?rest_route=\/wp\/v2\/users\/1"}],"replies":[{"embeddable":true,"href":"https:\/\/aptconsulting.md\/index.php?rest_route=%2Fwp%2Fv2%2Fcomments&post=4"}],"version-history":[{"count":76,"href":"https:\/\/aptconsulting.md\/index.php?rest_route=\/wp\/v2\/pages\/4\/revisions"}],"predecessor-version":[{"id":1773,"href":"https:\/\/aptconsulting.md\/index.php?rest_route=\/wp\/v2\/pages\/4\/revisions\/1773"}],"wp:attachment":[{"href":"https:\/\/aptconsulting.md\/index.php?rest_route=%2Fwp%2Fv2%2Fmedia&parent=4"}],"curies":[{"name":"wp","href":"https:\/\/api.w.org\/{rel}","templated":true}]}}